{"id":1123,"date":"2025-10-16T11:57:53","date_gmt":"2025-10-16T11:57:53","guid":{"rendered":"https:\/\/www.new.iboo-formation.fr\/?page_id=1123"},"modified":"2025-10-16T11:59:02","modified_gmt":"2025-10-16T11:59:02","slug":"formations-bureautique-9","status":"publish","type":"page","link":"https:\/\/www.new.iboo-formation.fr\/index.php\/formations-bureautique-9\/","title":{"rendered":"Word"},"content":{"rendered":"\t\t<div data-elementor-type=\"wp-page\" data-elementor-id=\"1123\" class=\"elementor elementor-1123\">\n\t\t\t\t\t\t<section class=\"elementor-section elementor-top-section elementor-element elementor-element-761662f1 elementor-section-full_width elementor-section-height-full elementor-section-stretched elementor-section-height-default elementor-section-items-middle\" data-id=\"761662f1\" data-element_type=\"section\" data-settings=\"{&quot;stretch_section&quot;:&quot;section-stretched&quot;,&quot;background_background&quot;:&quot;classic&quot;}\">\n\t\t\t\t\t\t<div class=\"elementor-container elementor-column-gap-default\">\n\t\t\t\t\t<div class=\"elementor-column elementor-col-100 elementor-top-column elementor-element elementor-element-66775a7a\" data-id=\"66775a7a\" data-element_type=\"column\">\n\t\t\t<div class=\"elementor-widget-wrap elementor-element-populated\">\n\t\t\t\t\t\t<div class=\"elementor-element elementor-element-63bb684e elementor-widget elementor-widget-spacer\" data-id=\"63bb684e\" data-element_type=\"widget\" data-widget_type=\"spacer.default\">\n\t\t\t\t\t\t\t<div class=\"elementor-spacer\">\n\t\t\t<div class=\"elementor-spacer-inner\"><\/div>\n\t\t<\/div>\n\t\t\t\t\t\t<\/div>\n\t\t\t\t<div class=\"elementor-element elementor-element-7443b857 elementor-widget elementor-widget-spacer\" data-id=\"7443b857\" data-element_type=\"widget\" data-widget_type=\"spacer.default\">\n\t\t\t\t\t\t\t<div class=\"elementor-spacer\">\n\t\t\t<div class=\"elementor-spacer-inner\"><\/div>\n\t\t<\/div>\n\t\t\t\t\t\t<\/div>\n\t\t\t\t<div class=\"elementor-element elementor-element-11b734d8 elementor-widget elementor-widget-heading\" data-id=\"11b734d8\" data-element_type=\"widget\" data-widget_type=\"heading.default\">\n\t\t\t\t\t<h2 class=\"elementor-heading-title elementor-size-default\">Word - Formation personnalis\u00e9e pour tous les niveaux<\/h2>\t\t\t\t<\/div>\n\t\t\t\t<div class=\"elementor-element elementor-element-6aebf931 elementor-widget elementor-widget-text-editor\" data-id=\"6aebf931\" data-element_type=\"widget\" data-widget_type=\"text-editor.default\">\n\t\t\t\t\t\t\t\t\t<p style=\"text-align: center; font-size: 1.75rem; line-height: 2rem; color: #ffffff; font-family: Arial, sans-serif;\">\n  Ma\u00eetrisez Word \u00e0 votre rythme !\n<\/p>\n\t\t\t\t\t\t\t\t<\/div>\n\t\t\t\t\t<\/div>\n\t\t<\/div>\n\t\t\t\t\t<\/div>\n\t\t<\/section>\n\t\t\t\t<section class=\"elementor-section elementor-top-section elementor-element elementor-element-57b8a53 elementor-section-boxed elementor-section-height-default elementor-section-height-default\" data-id=\"57b8a53\" data-element_type=\"section\">\n\t\t\t\t\t\t<div class=\"elementor-container elementor-column-gap-default\">\n\t\t\t\t\t<div class=\"elementor-column elementor-col-100 elementor-top-column elementor-element elementor-element-10d28a68\" data-id=\"10d28a68\" data-element_type=\"column\">\n\t\t\t<div class=\"elementor-widget-wrap elementor-element-populated\">\n\t\t\t\t\t\t<div class=\"elementor-element elementor-element-6c8cedbb elementor-widget elementor-widget-spacer\" data-id=\"6c8cedbb\" data-element_type=\"widget\" data-widget_type=\"spacer.default\">\n\t\t\t\t\t\t\t<div class=\"elementor-spacer\">\n\t\t\t<div class=\"elementor-spacer-inner\"><\/div>\n\t\t<\/div>\n\t\t\t\t\t\t<\/div>\n\t\t\t\t<div class=\"elementor-element elementor-element-52d17536 elementor-widget elementor-widget-heading\" data-id=\"52d17536\" data-element_type=\"widget\" data-widget_type=\"heading.default\">\n\t\t\t\t\t<h1 class=\"elementor-heading-title elementor-size-xl\">Formation Word sur mesure \u00e0 Angers : version 2010 \u00e0 2021et 365<\/h1>\t\t\t\t<\/div>\n\t\t\t\t<div class=\"elementor-element elementor-element-5cf121e elementor-widget elementor-widget-heading\" data-id=\"5cf121e\" data-element_type=\"widget\" data-widget_type=\"heading.default\">\n\t\t\t\t\t<h2 class=\"elementor-heading-title elementor-size-small\">D\u00e9couvrer notre formation Word : Angers | La Roche sur Yon | Nantes | Le Mans | Laval<\/h2>\t\t\t\t<\/div>\n\t\t\t\t<div class=\"elementor-element elementor-element-7a09add elementor-widget elementor-widget-text-editor\" data-id=\"7a09add\" data-element_type=\"widget\" data-widget_type=\"text-editor.default\">\n\t\t\t\t\t\t\t\t\t<p class=\"headline__title farbe \" style=\"text-align: justify;\">Vous souhaitez am\u00e9liorer vos comp\u00e9tences en Word, que vous soyez un d\u00e9butant ou un utilisateur exp\u00e9riment\u00e9 ? Notre formation sur mesure est con\u00e7ue pour r\u00e9pondre \u00e0 vos besoins sp\u00e9cifiques.<\/p>\t\t\t\t\t\t\t\t<\/div>\n\t\t\t\t<div class=\"elementor-element elementor-element-48ad53ae elementor-widget elementor-widget-heading\" data-id=\"48ad53ae\" data-element_type=\"widget\" data-widget_type=\"heading.default\">\n\t\t\t\t\t<h2 class=\"elementor-heading-title elementor-size-default\">Ma\u00eetriser Word : cr\u00e9er, \u00e9diter et formater comme un Pro !<\/h2>\t\t\t\t<\/div>\n\t\t\t\t<div class=\"elementor-element elementor-element-4bf1aaa9 elementor-widget elementor-widget-text-editor\" data-id=\"4bf1aaa9\" data-element_type=\"widget\" data-widget_type=\"text-editor.default\">\n\t\t\t\t\t\t\t\t\t<p style=\"text-align: justify;\">Notre approche p\u00e9dagogique interactive vous permet d&#8217;apprendre de mani\u00e8re efficace et engageante. Nos formateurs exp\u00e9riment\u00e9s vous guideront \u00e0 travers les fonctionnalit\u00e9s de Word, de la cr\u00e9ation de documents de base \u00e0 la gestion de documents complexes. Vous aurez l&#8217;opportunit\u00e9 de travailler sur des cas pratiques et de d\u00e9velopper des comp\u00e9tences essentielles pour votre carri\u00e8re<\/p>\t\t\t\t\t\t\t\t<\/div>\n\t\t\t\t<div class=\"elementor-element elementor-element-76b4cf28 elementor-widget elementor-widget-spacer\" data-id=\"76b4cf28\" data-element_type=\"widget\" data-widget_type=\"spacer.default\">\n\t\t\t\t\t\t\t<div class=\"elementor-spacer\">\n\t\t\t<div class=\"elementor-spacer-inner\"><\/div>\n\t\t<\/div>\n\t\t\t\t\t\t<\/div>\n\t\t\t\t\t<\/div>\n\t\t<\/div>\n\t\t\t\t\t<\/div>\n\t\t<\/section>\n\t\t\t\t<section class=\"elementor-section elementor-top-section elementor-element elementor-element-26d5fe2 elementor-section-boxed elementor-section-height-default elementor-section-height-default\" data-id=\"26d5fe2\" data-element_type=\"section\">\n\t\t\t\t\t\t<div class=\"elementor-container elementor-column-gap-default\">\n\t\t\t\t\t<div class=\"elementor-column elementor-col-50 elementor-top-column elementor-element elementor-element-5c643dbe\" data-id=\"5c643dbe\" data-element_type=\"column\">\n\t\t\t<div class=\"elementor-widget-wrap elementor-element-populated\">\n\t\t\t\t\t\t<div class=\"elementor-element elementor-element-1da1fb13 elementor-widget__width-initial elementor-widget elementor-widget-image\" data-id=\"1da1fb13\" data-element_type=\"widget\" data-widget_type=\"image.default\">\n\t\t\t\t\t\t\t\t\t\t\t\t<figure class=\"wp-caption\">\n\t\t\t\t\t\t\t\t\t\t\t<a href=\"https:\/\/iboo-formation.fr\/formation-angers-word-initiation-angers\/\">\n\t\t\t\t\t\t\t<img decoding=\"async\" src=\"https:\/\/www.new.iboo-formation.fr\/wp-content\/uploads\/2025\/10\/word.png\" title=\"word.png\" alt=\"word.png\" loading=\"lazy\" \/>\t\t\t\t\t\t\t\t<\/a>\n\t\t\t\t\t\t\t\t\t\t\t<figcaption class=\"widget-image-caption wp-caption-text\">Word Initiation<\/figcaption>\n\t\t\t\t\t\t\t\t\t\t<\/figure>\n\t\t\t\t\t\t\t\t\t<\/div>\n\t\t\t\t\t<\/div>\n\t\t<\/div>\n\t\t\t\t<div class=\"elementor-column elementor-col-50 elementor-top-column elementor-element elementor-element-cd0220f\" data-id=\"cd0220f\" data-element_type=\"column\">\n\t\t\t<div class=\"elementor-widget-wrap elementor-element-populated\">\n\t\t\t\t\t\t<div class=\"elementor-element elementor-element-558901d0 elementor-widget__width-initial elementor-widget elementor-widget-image\" data-id=\"558901d0\" data-element_type=\"widget\" data-widget_type=\"image.default\">\n\t\t\t\t\t\t\t\t\t\t\t\t<figure class=\"wp-caption\">\n\t\t\t\t\t\t\t\t\t\t\t<a href=\"https:\/\/iboo-formation.fr\/formation-angers-word-avance-angers\/\">\n\t\t\t\t\t\t\t<img decoding=\"async\" src=\"https:\/\/www.new.iboo-formation.fr\/wp-content\/uploads\/2025\/10\/word.png\" title=\"word.png\" alt=\"word.png\" loading=\"lazy\" \/>\t\t\t\t\t\t\t\t<\/a>\n\t\t\t\t\t\t\t\t\t\t\t<figcaption class=\"widget-image-caption wp-caption-text\">Word Avanc\u00e9<\/figcaption>\n\t\t\t\t\t\t\t\t\t\t<\/figure>\n\t\t\t\t\t\t\t\t\t<\/div>\n\t\t\t\t\t<\/div>\n\t\t<\/div>\n\t\t\t\t\t<\/div>\n\t\t<\/section>\n\t\t\t\t<section class=\"elementor-section elementor-top-section elementor-element elementor-element-71b5b5e1 elementor-section-boxed elementor-section-height-default elementor-section-height-default\" data-id=\"71b5b5e1\" data-element_type=\"section\">\n\t\t\t\t\t\t<div class=\"elementor-container elementor-column-gap-default\">\n\t\t\t\t\t<div class=\"elementor-column elementor-col-100 elementor-top-column elementor-element elementor-element-34a94ff1\" data-id=\"34a94ff1\" data-element_type=\"column\">\n\t\t\t<div class=\"elementor-widget-wrap elementor-element-populated\">\n\t\t\t\t\t\t<div class=\"elementor-element elementor-element-386446fa elementor-widget elementor-widget-spacer\" data-id=\"386446fa\" data-element_type=\"widget\" data-widget_type=\"spacer.default\">\n\t\t\t\t\t\t\t<div class=\"elementor-spacer\">\n\t\t\t<div class=\"elementor-spacer-inner\"><\/div>\n\t\t<\/div>\n\t\t\t\t\t\t<\/div>\n\t\t\t\t<div class=\"elementor-element elementor-element-4bbbae23 elementor-widget elementor-widget-heading\" data-id=\"4bbbae23\" data-element_type=\"widget\" data-widget_type=\"heading.default\">\n\t\t\t\t\t<h2 class=\"elementor-heading-title elementor-size-small\">Pourquoi choisir notre formation Word \u00e0 Angers ?<\/h2>\t\t\t\t<\/div>\n\t\t\t\t<div class=\"elementor-element elementor-element-1b0d55cb elementor-widget elementor-widget-text-editor\" data-id=\"1b0d55cb\" data-element_type=\"widget\" data-widget_type=\"text-editor.default\">\n\t\t\t\t\t\t\t\t\t<p class=\"headline__title farbe \" style=\"text-align: justify;\">Si vous \u00eates \u00e0 Angers et que vous cherchez \u00e0 suivre une formation Word de qualit\u00e9, ne cherchez pas plus loin. Notre formation Word sur mesure est disponible \u00e0 Angers, et elle est adapt\u00e9e \u00e0 tous les niveaux. Vous apprendrez \u00e0 ma\u00eetriser Word de mani\u00e8re efficace tout en b\u00e9n\u00e9ficiant d&#8217;un accompagnement personnalis\u00e9. Am\u00e9liorez vos comp\u00e9tences en traitement de texte et boostez votre productivit\u00e9 professionnelle gr\u00e2ce \u00e0 notre programme de formation Word. Rejoignez-nous d\u00e8s aujourd&#8217;hui et d\u00e9couvrez les avantages d&#8217;une formation sur mesure \u00e0 Angers.<\/p>\t\t\t\t\t\t\t\t<\/div>\n\t\t\t\t\t<\/div>\n\t\t<\/div>\n\t\t\t\t\t<\/div>\n\t\t<\/section>\n\t\t<div class=\"elementor-element elementor-element-4446fff2 e-flex e-con-boxed e-con e-parent\" data-id=\"4446fff2\" data-element_type=\"container\">\n\t\t\t\t\t<div class=\"e-con-inner\">\n\t\t\t\t<div class=\"elementor-element elementor-element-6a3a4e2a elementor-widget elementor-widget-html\" data-id=\"6a3a4e2a\" data-element_type=\"widget\" data-widget_type=\"html.default\">\n\t\t\t\t\t<iframe src=\"https:\/\/support.office.com\/fr-FR\/word\" width=\"100%\" height=\"500px\" allowfullscreen=\"allowfullscreen\" style=\"height: 2071.7px;\"><\/iframe>\t\t\t\t<\/div>\n\t\t\t\t\t<\/div>\n\t\t\t\t<\/div>\n\t\t\t\t<\/div>\n\t\t","protected":false},"excerpt":{"rendered":"<p>Word &#8211; Formation personnalis\u00e9e pour tous les niveaux Ma\u00eetrisez Word \u00e0 votre rythme ! Formation Word sur mesure \u00e0 Angers : version 2010 \u00e0 2021et 365 D\u00e9couvrer notre formation Word : Angers | La Roche sur Yon | Nantes | Le Mans | Laval Vous souhaitez am\u00e9liorer vos comp\u00e9tences en Word, que vous soyez un&#8230;<\/p>\n","protected":false},"author":1,"featured_media":0,"parent":0,"menu_order":0,"comment_status":"closed","ping_status":"closed","template":"elementor_header_footer","meta":{"_kad_post_transparent":"","_kad_post_title":"hide","_kad_post_layout":"fullwidth","_kad_post_sidebar_id":"","_kad_post_content_style":"unboxed","_kad_post_vertical_padding":"hide","_kad_post_feature":"hide","_kad_post_feature_position":"","_kad_post_header":false,"_kad_post_footer":false,"footnotes":""},"class_list":["post-1123","page","type-page","status-publish","hentry"],"_links":{"self":[{"href":"https:\/\/www.new.iboo-formation.fr\/index.php\/wp-json\/wp\/v2\/pages\/1123","targetHints":{"allow":["GET"]}}],"collection":[{"href":"https:\/\/www.new.iboo-formation.fr\/index.php\/wp-json\/wp\/v2\/pages"}],"about":[{"href":"https:\/\/www.new.iboo-formation.fr\/index.php\/wp-json\/wp\/v2\/types\/page"}],"author":[{"embeddable":true,"href":"https:\/\/www.new.iboo-formation.fr\/index.php\/wp-json\/wp\/v2\/users\/1"}],"replies":[{"embeddable":true,"href":"https:\/\/www.new.iboo-formation.fr\/index.php\/wp-json\/wp\/v2\/comments?post=1123"}],"version-history":[{"count":4,"href":"https:\/\/www.new.iboo-formation.fr\/index.php\/wp-json\/wp\/v2\/pages\/1123\/revisions"}],"predecessor-version":[{"id":1127,"href":"https:\/\/www.new.iboo-formation.fr\/index.php\/wp-json\/wp\/v2\/pages\/1123\/revisions\/1127"}],"wp:attachment":[{"href":"https:\/\/www.new.iboo-formation.fr\/index.php\/wp-json\/wp\/v2\/media?parent=1123"}],"curies":[{"name":"wp","href":"https:\/\/api.w.org\/{rel}","templated":true}]}}