{"id":1133,"date":"2025-10-16T12:02:21","date_gmt":"2025-10-16T12:02:21","guid":{"rendered":"https:\/\/www.new.iboo-formation.fr\/?page_id=1133"},"modified":"2025-10-16T12:03:16","modified_gmt":"2025-10-16T12:03:16","slug":"formations-bureautique-10","status":"publish","type":"page","link":"https:\/\/www.new.iboo-formation.fr\/index.php\/formations-bureautique-10\/","title":{"rendered":"PowerPoint"},"content":{"rendered":"\t\t<div data-elementor-type=\"wp-page\" data-elementor-id=\"1133\" class=\"elementor elementor-1133\">\n\t\t\t\t\t\t<section class=\"elementor-section elementor-top-section elementor-element elementor-element-6215ff96 elementor-section-full_width elementor-section-height-full elementor-section-stretched elementor-section-height-default elementor-section-items-middle\" data-id=\"6215ff96\" data-element_type=\"section\" data-settings=\"{&quot;stretch_section&quot;:&quot;section-stretched&quot;,&quot;background_background&quot;:&quot;classic&quot;,&quot;animation&quot;:&quot;none&quot;}\">\n\t\t\t\t\t\t<div class=\"elementor-container elementor-column-gap-default\">\n\t\t\t\t\t<div class=\"elementor-column elementor-col-100 elementor-top-column elementor-element elementor-element-1d1f9f41\" data-id=\"1d1f9f41\" data-element_type=\"column\">\n\t\t\t<div class=\"elementor-widget-wrap elementor-element-populated\">\n\t\t\t\t\t\t<div class=\"elementor-element elementor-element-76b5aafc elementor-widget elementor-widget-spacer\" data-id=\"76b5aafc\" data-element_type=\"widget\" data-widget_type=\"spacer.default\">\n\t\t\t\t\t\t\t<div class=\"elementor-spacer\">\n\t\t\t<div class=\"elementor-spacer-inner\"><\/div>\n\t\t<\/div>\n\t\t\t\t\t\t<\/div>\n\t\t\t\t<div class=\"elementor-element elementor-element-5a657a0f elementor-widget elementor-widget-spacer\" data-id=\"5a657a0f\" data-element_type=\"widget\" data-widget_type=\"spacer.default\">\n\t\t\t\t\t\t\t<div class=\"elementor-spacer\">\n\t\t\t<div class=\"elementor-spacer-inner\"><\/div>\n\t\t<\/div>\n\t\t\t\t\t\t<\/div>\n\t\t\t\t<div class=\"elementor-element elementor-element-4daa3fbf elementor-widget elementor-widget-heading\" data-id=\"4daa3fbf\" data-element_type=\"widget\" data-widget_type=\"heading.default\">\n\t\t\t\t\t<h2 class=\"elementor-heading-title elementor-size-default\">PowerPoint - Formation personnalis\u00e9e pour tous les niveaux<\/h2>\t\t\t\t<\/div>\n\t\t\t\t<div class=\"elementor-element elementor-element-70a2d37 elementor-widget elementor-widget-text-editor\" data-id=\"70a2d37\" data-element_type=\"widget\" data-widget_type=\"text-editor.default\">\n\t\t\t\t\t\t\t\t\t<p style=\"text-align: center; font-size: 1.6em; color: #ffffff; font-family: 'Poppins', sans-serif; font-weight: 600; text-shadow: 2px 2px 8px rgba(0,0,0,0.5);\">\n  Ma\u00eetrisez PowerPoint \u00e0 votre rythme !\n<\/p>\n\t\t\t\t\t\t\t\t<\/div>\n\t\t\t\t\t<\/div>\n\t\t<\/div>\n\t\t\t\t\t<\/div>\n\t\t<\/section>\n\t\t\t\t<section class=\"elementor-section elementor-top-section elementor-element elementor-element-1c1ac349 elementor-section-boxed elementor-section-height-default elementor-section-height-default\" data-id=\"1c1ac349\" data-element_type=\"section\" data-settings=\"{&quot;animation&quot;:&quot;none&quot;}\">\n\t\t\t\t\t\t<div class=\"elementor-container elementor-column-gap-default\">\n\t\t\t\t\t<div class=\"elementor-column elementor-col-100 elementor-top-column elementor-element elementor-element-2c67376\" data-id=\"2c67376\" data-element_type=\"column\">\n\t\t\t<div class=\"elementor-widget-wrap elementor-element-populated\">\n\t\t\t\t\t\t<div class=\"elementor-element elementor-element-2304f3d4 elementor-widget elementor-widget-spacer\" data-id=\"2304f3d4\" data-element_type=\"widget\" data-widget_type=\"spacer.default\">\n\t\t\t\t\t\t\t<div class=\"elementor-spacer\">\n\t\t\t<div class=\"elementor-spacer-inner\"><\/div>\n\t\t<\/div>\n\t\t\t\t\t\t<\/div>\n\t\t\t\t<div class=\"elementor-element elementor-element-37d9aabf elementor-widget elementor-widget-spacer\" data-id=\"37d9aabf\" data-element_type=\"widget\" data-widget_type=\"spacer.default\">\n\t\t\t\t\t\t\t<div class=\"elementor-spacer\">\n\t\t\t<div class=\"elementor-spacer-inner\"><\/div>\n\t\t<\/div>\n\t\t\t\t\t\t<\/div>\n\t\t\t\t<div class=\"elementor-element elementor-element-3ec9b038 elementor-widget elementor-widget-heading\" data-id=\"3ec9b038\" data-element_type=\"widget\" data-widget_type=\"heading.default\">\n\t\t\t\t\t<h1 class=\"elementor-heading-title elementor-size-xl\">Formation PowerPoint \u00e0 Angers : Initiation, Perfectionnement et sur mesure : version 2010 \u00e0 2021et 365<\/h1>\t\t\t\t<\/div>\n\t\t\t\t<div class=\"elementor-element elementor-element-3023fcff elementor-widget elementor-widget-heading\" data-id=\"3023fcff\" data-element_type=\"widget\" data-widget_type=\"heading.default\">\n\t\t\t\t\t<h2 class=\"elementor-heading-title elementor-size-small\">D\u00e9couvrez notre formation Powerpoint initiation : Angers | La Roche sur Yon | Nantes | Le Mans | Laval<\/h2>\t\t\t\t<\/div>\n\t\t\t\t<div class=\"elementor-element elementor-element-42ee6237 elementor-widget elementor-widget-text-editor\" data-id=\"42ee6237\" data-element_type=\"widget\" data-widget_type=\"text-editor.default\">\n\t\t\t\t\t\t\t\t\t<p class=\"headline__title farbe \" style=\"text-align: justify;\">Vous d\u00e9butez avec PowerPoint ? Notre formation d&#8217;initiation vous guidera \u00e0 travers les bases essentielles de la cr\u00e9ation de pr\u00e9sentations dynamiques. Apprenez \u00e0 concevoir des diapositives, \u00e0 ajouter des \u00e9l\u00e9ments visuels et \u00e0 captiver votre public d\u00e8s le premier jour.<\/p>\t\t\t\t\t\t\t\t<\/div>\n\t\t\t\t<div class=\"elementor-element elementor-element-4aa6243a elementor-widget elementor-widget-heading\" data-id=\"4aa6243a\" data-element_type=\"widget\" data-widget_type=\"heading.default\">\n\t\t\t\t\t<h2 class=\"elementor-heading-title elementor-size-default\">Passez au niveau sup\u00e9rieur avec notre formation PowerPoint Perfectionnement<\/h2>\t\t\t\t<\/div>\n\t\t\t\t<div class=\"elementor-element elementor-element-796f3873 elementor-widget elementor-widget-text-editor\" data-id=\"796f3873\" data-element_type=\"widget\" data-widget_type=\"text-editor.default\">\n\t\t\t\t\t\t\t\t\t<p style=\"text-align: justify;\">Vous ma\u00eetrisez d\u00e9j\u00e0 les bases et souhaitez approfondir vos comp\u00e9tences ? Notre formation de perfectionnement explore des fonctionnalit\u00e9s avanc\u00e9es telles que les animations, les transitions, et les graphiques. \u00c9levez le niveau de vos pr\u00e9sentations avec notre programme de perfectionnement.<\/p>\t\t\t\t\t\t\t\t<\/div>\n\t\t\t\t\t<\/div>\n\t\t<\/div>\n\t\t\t\t\t<\/div>\n\t\t<\/section>\n\t\t\t\t<section class=\"elementor-section elementor-top-section elementor-element elementor-element-3f43bd97 elementor-section-boxed elementor-section-height-default elementor-section-height-default\" data-id=\"3f43bd97\" data-element_type=\"section\">\n\t\t\t\t\t\t<div class=\"elementor-container elementor-column-gap-default\">\n\t\t\t\t\t<div class=\"elementor-column elementor-col-50 elementor-top-column elementor-element elementor-element-1f0093f8\" data-id=\"1f0093f8\" data-element_type=\"column\">\n\t\t\t<div class=\"elementor-widget-wrap elementor-element-populated\">\n\t\t\t\t\t\t<div class=\"elementor-element elementor-element-4c75457b elementor-widget__width-initial elementor-widget elementor-widget-image\" data-id=\"4c75457b\" data-element_type=\"widget\" data-widget_type=\"image.default\">\n\t\t\t\t\t\t\t\t\t\t\t\t<figure class=\"wp-caption\">\n\t\t\t\t\t\t\t\t\t\t\t<a href=\"https:\/\/iboo-formation.fr\/angers-powerpoint-initiation\/\">\n\t\t\t\t\t\t\t<img decoding=\"async\" src=\"https:\/\/www.new.iboo-formation.fr\/wp-content\/uploads\/2025\/10\/powerpoint.png\" title=\"powerpoint.png\" alt=\"powerpoint.png\" loading=\"lazy\" \/>\t\t\t\t\t\t\t\t<\/a>\n\t\t\t\t\t\t\t\t\t\t\t<figcaption class=\"widget-image-caption wp-caption-text\">PowerPoint Initiation<\/figcaption>\n\t\t\t\t\t\t\t\t\t\t<\/figure>\n\t\t\t\t\t\t\t\t\t<\/div>\n\t\t\t\t\t<\/div>\n\t\t<\/div>\n\t\t\t\t<div class=\"elementor-column elementor-col-50 elementor-top-column elementor-element elementor-element-2ec3883d\" data-id=\"2ec3883d\" data-element_type=\"column\">\n\t\t\t<div class=\"elementor-widget-wrap elementor-element-populated\">\n\t\t\t\t\t\t<div class=\"elementor-element elementor-element-363432e8 elementor-widget__width-initial elementor-widget elementor-widget-image\" data-id=\"363432e8\" data-element_type=\"widget\" data-widget_type=\"image.default\">\n\t\t\t\t\t\t\t\t\t\t\t\t<figure class=\"wp-caption\">\n\t\t\t\t\t\t\t\t\t\t\t<a href=\"https:\/\/iboo-formation.fr\/powerpoint-perfectionnement-angers\/\">\n\t\t\t\t\t\t\t<img decoding=\"async\" src=\"https:\/\/www.new.iboo-formation.fr\/wp-content\/uploads\/2025\/10\/powerpoint.png\" title=\"powerpoint.png\" alt=\"powerpoint.png\" loading=\"lazy\" \/>\t\t\t\t\t\t\t\t<\/a>\n\t\t\t\t\t\t\t\t\t\t\t<figcaption class=\"widget-image-caption wp-caption-text\">PowerPoint Perfectionnement<\/figcaption>\n\t\t\t\t\t\t\t\t\t\t<\/figure>\n\t\t\t\t\t\t\t\t\t<\/div>\n\t\t\t\t\t<\/div>\n\t\t<\/div>\n\t\t\t\t\t<\/div>\n\t\t<\/section>\n\t\t\t\t<section class=\"elementor-section elementor-top-section elementor-element elementor-element-32e5444b elementor-section-boxed elementor-section-height-default elementor-section-height-default\" data-id=\"32e5444b\" data-element_type=\"section\">\n\t\t\t\t\t\t<div class=\"elementor-container elementor-column-gap-default\">\n\t\t\t\t\t<div class=\"elementor-column elementor-col-100 elementor-top-column elementor-element elementor-element-68f9c082\" data-id=\"68f9c082\" data-element_type=\"column\">\n\t\t\t<div class=\"elementor-widget-wrap elementor-element-populated\">\n\t\t\t\t\t\t<div class=\"elementor-element elementor-element-5ba25513 elementor-widget elementor-widget-spacer\" data-id=\"5ba25513\" data-element_type=\"widget\" data-widget_type=\"spacer.default\">\n\t\t\t\t\t\t\t<div class=\"elementor-spacer\">\n\t\t\t<div class=\"elementor-spacer-inner\"><\/div>\n\t\t<\/div>\n\t\t\t\t\t\t<\/div>\n\t\t\t\t<div class=\"elementor-element elementor-element-1aefbced elementor-widget elementor-widget-heading\" data-id=\"1aefbced\" data-element_type=\"widget\" data-widget_type=\"heading.default\">\n\t\t\t\t\t<h2 class=\"elementor-heading-title elementor-size-small\">Pourquoi choisir notre formation PowerPoint \u00e0 Angers ?<\/h2>\t\t\t\t<\/div>\n\t\t\t\t<div class=\"elementor-element elementor-element-492655ff elementor-widget elementor-widget-text-editor\" data-id=\"492655ff\" data-element_type=\"widget\" data-widget_type=\"text-editor.default\">\n\t\t\t\t\t\t\t\t\t<p class=\"headline__title farbe \" style=\"text-align: justify;\">Si vous \u00eates \u00e0 Angers et que vous recherchez une formation PowerPoint de qualit\u00e9, vous \u00eates au bon endroit. Notre formation PowerPoint sur mesure propose des niveaux d&#8217;initiation et de perfectionnement, adapt\u00e9s \u00e0 vos besoins sp\u00e9cifiques. \u00c0 Angers, vous pouvez acqu\u00e9rir des comp\u00e9tences essentielles pour cr\u00e9er des pr\u00e9sentations percutantes. Rejoignez-nous d\u00e8s aujourd&#8217;hui pour d\u00e9couvrir comment notre formation PowerPoint peut vous aider \u00e0 briller dans vos pr\u00e9sentations professionnelles.<\/p>\t\t\t\t\t\t\t\t<\/div>\n\t\t\t\t\t<\/div>\n\t\t<\/div>\n\t\t\t\t\t<\/div>\n\t\t<\/section>\n\t\t\t\t<\/div>\n\t\t","protected":false},"excerpt":{"rendered":"<p>PowerPoint &#8211; Formation personnalis\u00e9e pour tous les niveaux Ma\u00eetrisez PowerPoint \u00e0 votre rythme ! Formation PowerPoint \u00e0 Angers : Initiation, Perfectionnement et sur mesure : version 2010 \u00e0 2021et 365 D\u00e9couvrez notre formation Powerpoint initiation : Angers | La Roche sur Yon | Nantes | Le Mans | Laval Vous d\u00e9butez avec PowerPoint ? Notre&#8230;<\/p>\n","protected":false},"author":1,"featured_media":0,"parent":0,"menu_order":0,"comment_status":"closed","ping_status":"closed","template":"elementor_header_footer","meta":{"_kad_post_transparent":"","_kad_post_title":"hide","_kad_post_layout":"fullwidth","_kad_post_sidebar_id":"","_kad_post_content_style":"unboxed","_kad_post_vertical_padding":"hide","_kad_post_feature":"hide","_kad_post_feature_position":"","_kad_post_header":false,"_kad_post_footer":false,"footnotes":""},"class_list":["post-1133","page","type-page","status-publish","hentry"],"_links":{"self":[{"href":"https:\/\/www.new.iboo-formation.fr\/index.php\/wp-json\/wp\/v2\/pages\/1133","targetHints":{"allow":["GET"]}}],"collection":[{"href":"https:\/\/www.new.iboo-formation.fr\/index.php\/wp-json\/wp\/v2\/pages"}],"about":[{"href":"https:\/\/www.new.iboo-formation.fr\/index.php\/wp-json\/wp\/v2\/types\/page"}],"author":[{"embeddable":true,"href":"https:\/\/www.new.iboo-formation.fr\/index.php\/wp-json\/wp\/v2\/users\/1"}],"replies":[{"embeddable":true,"href":"https:\/\/www.new.iboo-formation.fr\/index.php\/wp-json\/wp\/v2\/comments?post=1133"}],"version-history":[{"count":4,"href":"https:\/\/www.new.iboo-formation.fr\/index.php\/wp-json\/wp\/v2\/pages\/1133\/revisions"}],"predecessor-version":[{"id":1137,"href":"https:\/\/www.new.iboo-formation.fr\/index.php\/wp-json\/wp\/v2\/pages\/1133\/revisions\/1137"}],"wp:attachment":[{"href":"https:\/\/www.new.iboo-formation.fr\/index.php\/wp-json\/wp\/v2\/media?parent=1133"}],"curies":[{"name":"wp","href":"https:\/\/api.w.org\/{rel}","templated":true}]}}