{"id":694,"date":"2025-10-15T16:25:58","date_gmt":"2025-10-15T16:25:58","guid":{"rendered":"https:\/\/www.new.iboo-formation.fr\/?page_id=694"},"modified":"2025-10-16T06:03:41","modified_gmt":"2025-10-16T06:03:41","slug":"financements-formation-cpf-opco","status":"publish","type":"page","link":"https:\/\/www.new.iboo-formation.fr\/index.php\/financements-formation-cpf-opco\/","title":{"rendered":"Nos formations certifiantes \u00e9ligibles au CPF"},"content":{"rendered":"\t\t<div data-elementor-type=\"wp-page\" data-elementor-id=\"694\" class=\"elementor elementor-694\">\n\t\t\t\t\t\t<section class=\"elementor-section elementor-top-section elementor-element elementor-element-25ee71f6 elementor-section-stretched elementor-section-full_width elementor-section-height-full elementor-section-height-default elementor-section-items-middle elementor-invisible\" data-id=\"25ee71f6\" data-element_type=\"section\" data-settings=\"{&quot;stretch_section&quot;:&quot;section-stretched&quot;,&quot;background_background&quot;:&quot;classic&quot;,&quot;animation&quot;:&quot;slideInDown&quot;}\">\n\t\t\t\t\t\t<div class=\"elementor-container elementor-column-gap-default\">\n\t\t\t\t\t<div class=\"elementor-column elementor-col-100 elementor-top-column elementor-element elementor-element-4b30b897\" data-id=\"4b30b897\" data-element_type=\"column\">\n\t\t\t<div class=\"elementor-widget-wrap elementor-element-populated\">\n\t\t\t\t\t\t<div class=\"elementor-element elementor-element-2dea85dc elementor-widget elementor-widget-text-editor\" data-id=\"2dea85dc\" data-element_type=\"widget\" data-widget_type=\"text-editor.default\">\n\t\t\t\t\t\t\t\t\t<div class=\"w-full flex items-center justify-center py-12 md:py-16\">\n  <div class=\"text-center p-4 max-w-4xl mx-auto\">\n    <h2 class=\"text-3xl sm:text-4xl md:text-5xl font-bold leading-tight\" style=\"color: #ffffff;\">\n      NOS FORMATIONS CERTIFIANTE \u00c9LIGIBLE AU CPF\n    <\/h2>\n  <\/div>\n<\/div>\n\t\t\t\t\t\t\t\t<\/div>\n\t\t\t\t\t<\/div>\n\t\t<\/div>\n\t\t\t\t\t<\/div>\n\t\t<\/section>\n\t\t<div class=\"elementor-element elementor-element-7f41e95e e-flex e-con-boxed e-con e-parent\" data-id=\"7f41e95e\" data-element_type=\"container\">\n\t\t\t\t\t<div class=\"e-con-inner\">\n\t\t\t\t<div class=\"elementor-element elementor-element-e7a59b7 elementor-widget elementor-widget-heading\" data-id=\"e7a59b7\" data-element_type=\"widget\" data-widget_type=\"heading.default\">\n\t\t\t\t\t<h2 class=\"elementor-heading-title elementor-size-default\">Vous \u00eates salari\u00e9, demandeur d\u2019emploi (de plus de 16 ans), TNS et souhaitez assister \u00e0 une de nos formations.\n\n<\/h2>\t\t\t\t<\/div>\n\t\t\t\t\t<\/div>\n\t\t\t\t<\/div>\n\t\t<div class=\"elementor-element elementor-element-6d6c79e4 e-flex e-con-boxed e-con e-parent\" data-id=\"6d6c79e4\" data-element_type=\"container\">\n\t\t\t\t\t<div class=\"e-con-inner\">\n\t\t\t\t<div class=\"elementor-element elementor-element-765ae0d6 elementor-widget elementor-widget-heading\" data-id=\"765ae0d6\" data-element_type=\"widget\" data-widget_type=\"heading.default\">\n\t\t\t\t\t<h2 class=\"elementor-heading-title elementor-size-default\">Le CPF (Compte personnel de formation)\n<\/h2>\t\t\t\t<\/div>\n\t\t\t\t<div class=\"elementor-element elementor-element-64213335 elementor-widget elementor-widget-text-editor\" data-id=\"64213335\" data-element_type=\"widget\" data-widget_type=\"text-editor.default\">\n\t\t\t\t\t\t\t\t\t<p>Le compte personnel de formation (CPF) est une modalit\u00e9 d\u2019acc\u00e8s \u00e0 la formation cr\u00e9\u00e9e par la loi relative \u00e0 la formation professionnelle, \u00e0 l\u2019emploi et \u00e0 la d\u00e9mocratie sociale.<\/p><p>C&#8217;est un dispositif public qui permet \u00e0 toute personne active, d\u00e8s son entr\u00e9e sur le march\u00e9 du travail et jusqu&#8217;\u00e0 sa retraite, d&#8217;acqu\u00e9rir des droits \u00e0 la formation professionnelle.<\/p><p>Ces droits peuvent \u00eatre utilis\u00e9s tout au long de la vie professionnelle pour suivre des formations qualifiantes, certifiantes, ou pour se reconvertir. Le CPF est un outil cl\u00e9 pour favoriser l&#8217;employabilit\u00e9, le d\u00e9veloppement des comp\u00e9tences, et l&#8217;\u00e9volution professionnelle.<\/p>\t\t\t\t\t\t\t\t<\/div>\n\t\t\t\t<div class=\"elementor-element elementor-element-220f523c elementor-widget elementor-widget-heading\" data-id=\"220f523c\" data-element_type=\"widget\" data-widget_type=\"heading.default\">\n\t\t\t\t\t<h3 class=\"elementor-heading-title elementor-size-default\">Comment fonctionne le CPF ?<\/h3>\t\t\t\t<\/div>\n\t\t\t\t<div class=\"elementor-element elementor-element-79f4622f elementor-widget elementor-widget-text-editor\" data-id=\"79f4622f\" data-element_type=\"widget\" data-widget_type=\"text-editor.default\">\n\t\t\t\t\t\t\t\t\t<p>Chaque ann\u00e9e, le CPF est cr\u00e9dit\u00e9 en euros, \u00e0 hauteur de 500 \u20ac pour les salari\u00e9s travaillant au moins \u00e0 mi-temps, et jusqu&#8217;\u00e0 un plafond de 5 000 \u20ac. <br \/>Pour les salari\u00e9s peu qualifi\u00e9s, ce montant est de 800 \u20ac par an, avec un plafond de 8 000 \u20ac. <br \/>Les travailleurs ind\u00e9pendants, les demandeurs d&#8217;emploi, et m\u00eame les fonctionnaires peuvent \u00e9galement b\u00e9n\u00e9ficier du CPF, selon des modalit\u00e9s sp\u00e9cifiques.<\/p><p>Le CPF est accessible via une plateforme en ligne d\u00e9di\u00e9e (<a href=\"https:\/\/www.moncompteformation.gouv.fr\/espace-prive\/html\/#\/\">Mon Compte Formation<\/a>), o\u00f9 chaque utilisateur peut consulter ses droits, rechercher des formations \u00e9ligibles, et s&#8217;inscrire directement aux formations de son choix.<\/p>\t\t\t\t\t\t\t\t<\/div>\n\t\t\t\t<div class=\"elementor-element elementor-element-218cb24c elementor-widget elementor-widget-text-editor\" data-id=\"218cb24c\" data-element_type=\"widget\" data-widget_type=\"text-editor.default\">\n\t\t\t\t\t\t\t\t\t<p><a class=\"btn btn-secondary\" title=\"CPF sur www.moncompteformation.gouv.fr\" href=\"https:\/\/www.moncompteformation.gouv.fr\/espace-public\/comprendre-la-formation-professionnelle\" target=\"_blank\" rel=\"noopener\">Aide \/ FAQ www.moncompteformation.gouv.fr<\/a>\u00a0<\/p>\t\t\t\t\t\t\t\t<\/div>\n\t\t\t\t<div class=\"elementor-element elementor-element-1a0aa6cc elementor-widget elementor-widget-heading\" data-id=\"1a0aa6cc\" data-element_type=\"widget\" data-widget_type=\"heading.default\">\n\t\t\t\t\t<h3 class=\"elementor-heading-title elementor-size-default\">Quelles sont les r\u00e9centes modifications du CPF ?<\/h3>\t\t\t\t<\/div>\n\t\t\t\t\t<\/div>\n\t\t\t\t<\/div>\n\t\t<div class=\"elementor-element elementor-element-48e08229 e-grid e-con-boxed e-con e-parent\" data-id=\"48e08229\" data-element_type=\"container\">\n\t\t\t\t\t<div class=\"e-con-inner\">\n\t\t\t\t<div class=\"elementor-element elementor-element-2f5b6f51 elementor-widget elementor-widget-text-editor\" data-id=\"2f5b6f51\" data-element_type=\"widget\" data-widget_type=\"text-editor.default\">\n\t\t\t\t\t\t\t\t\t<p style=\"text-align: center;\"><span style=\"color: #666699; font-size: 14pt;\"><strong>Nouvelles Conditions d&#8217;Acc\u00e8s<\/strong>\u00a0<\/span><\/p><p>Depuis 2024, les r\u00e8gles d&#8217;utilisation du CPF ont \u00e9t\u00e9 adapt\u00e9es pour mieux cibler les besoins en formation des personnes en reconversion professionnelle. D\u00e9sormais, certaines formations prioritaires peuvent b\u00e9n\u00e9ficier d&#8217;un abondement suppl\u00e9mentaire financ\u00e9 par l&#8217;\u00c9tat ou les branches professionnelles.<\/p>\t\t\t\t\t\t\t\t<\/div>\n\t\t\t\t<div class=\"elementor-element elementor-element-1c41efe1 elementor-widget elementor-widget-text-editor\" data-id=\"1c41efe1\" data-element_type=\"widget\" data-widget_type=\"text-editor.default\">\n\t\t\t\t\t\t\t\t\t<div class=\"flex flex-col text-left font-inter px-2\">\n  <!-- Titre -->\n  <h3 class=\"text-base font-bold mb-2\" style=\"color: #ff9900 !important;\">\n    RESTANT \u00c0 CHARGE CPF\n  <\/h3>\n\n  <!-- Texte principal -->\n  <p class=\"text-gray-700 text-sm leading-relaxed\" style=\"font-size: 0.9rem !important; line-height: 1.5 !important;\">\n    Le montant de la participation financi\u00e8re obligatoire est \u00e9tabli \u00e0 \n    <span style=\"color: #ff9900 !important; font-weight: 600;\">\n      100 \u20ac\n    <\/span> \n    pour l&#8217;ann\u00e9e 2024, ind\u00e9pendamment de la formation choisie sur la plateforme \n    <span class=\"italic\">Mon Compte Formation<\/span>.\n  <\/p>\n\n  <!-- Note -->\n  <p class=\"text-sm font-medium mt-1 leading-relaxed\" style=\"color: #ff9900 !important; font-size: 0.9rem !important; line-height: 1.5 !important;\">\n    \u00c0 noter que ce montant sera r\u00e9\u00e9valu\u00e9 chaque ann\u00e9e par arr\u00eat\u00e9.\n  <\/p>\n<\/div>\n\t\t\t\t\t\t\t\t<\/div>\n\t\t\t\t<div class=\"elementor-element elementor-element-4bc49ed3 elementor-widget elementor-widget-text-editor\" data-id=\"4bc49ed3\" data-element_type=\"widget\" data-widget_type=\"text-editor.default\">\n\t\t\t\t\t\t\t\t\t<p style=\"text-align: center;\"><span style=\"color: #666699; font-size: 14pt;\"><strong>Co-financement des Formations<\/strong>\u00a0<\/span><\/p><p>Afin d&#8217;encourager les projets de formation, un syst\u00e8me de co-financement a \u00e9t\u00e9 mis en place. <br \/>Les employeurs et les r\u00e9gions peuvent d\u00e9sormais abonder les comptes CPF de leurs salari\u00e9s ou administr\u00e9s pour des formations sp\u00e9cifiques, permettant ainsi une meilleure prise en charge financi\u00e8re.<\/p>\t\t\t\t\t\t\t\t<\/div>\n\t\t\t\t<div class=\"elementor-element elementor-element-49ae3da6 elementor-widget elementor-widget-text-editor\" data-id=\"49ae3da6\" data-element_type=\"widget\" data-widget_type=\"text-editor.default\">\n\t\t\t\t\t\t\t\t\t<p style=\"text-align: center;\"><span style=\"color: #666699; font-size: 14pt;\"><strong>Acc\u00e8s Simplifi\u00e9 pour les Ind\u00e9pendants<\/strong><\/span><\/p><p>Depuis peu, les travailleurs ind\u00e9pendants ont un acc\u00e8s facilit\u00e9 au CPF, avec des r\u00e8gles de cotisation simplifi\u00e9es et des formations sp\u00e9cifiquement adapt\u00e9es \u00e0 leurs besoins.<\/p>\t\t\t\t\t\t\t\t<\/div>\n\t\t\t\t<div class=\"elementor-element elementor-element-4d9276fe elementor-widget elementor-widget-text-editor\" data-id=\"4d9276fe\" data-element_type=\"widget\" data-widget_type=\"text-editor.default\">\n\t\t\t\t\t\t\t\t\t<p style=\"text-align: center;\"><span style=\"color: #666699; font-size: 14pt;\"><strong>S\u00e9curisation des Comptes<\/strong> <\/span><\/p><p>Pour lutter contre les fraudes, des mesures de s\u00e9curisation des comptes ont \u00e9t\u00e9 renforc\u00e9es. D\u00e9sormais, chaque utilisateur doit valider son identit\u00e9 via FranceConnect pour acc\u00e9der \u00e0 son CPF et pour toute op\u00e9ration li\u00e9e \u00e0 l&#8217;utilisation de ses droits.<\/p>\t\t\t\t\t\t\t\t<\/div>\n\t\t\t\t<div class=\"elementor-element elementor-element-3929d0a9 elementor-widget elementor-widget-text-editor\" data-id=\"3929d0a9\" data-element_type=\"widget\" data-widget_type=\"text-editor.default\">\n\t\t\t\t\t\t\t\t\t<p style=\"text-align: center;\"><span style=\"color: #666699; font-size: 14pt;\"><strong>\u00c9largissement de l&#8217;Offre de Formations<\/strong> <\/span><\/p><p>\u00a0Le catalogue des formations \u00e9ligibles au CPF s&#8217;est consid\u00e9rablement \u00e9largi, incluant d\u00e9sormais davantage de formations num\u00e9riques, en langues \u00e9trang\u00e8res, et de nouvelles certifications professionnelles adapt\u00e9es aux \u00e9volutions du march\u00e9 du travail.<\/p>\t\t\t\t\t\t\t\t<\/div>\n\t\t\t\t\t<\/div>\n\t\t\t\t<\/div>\n\t\t<div class=\"elementor-element elementor-element-7bc6d23 e-flex e-con-boxed e-con e-parent\" data-id=\"7bc6d23\" data-element_type=\"container\">\n\t\t\t\t\t<div class=\"e-con-inner\">\n\t\t\t\t<div class=\"elementor-element elementor-element-28af4961 elementor-widget elementor-widget-text-editor\" data-id=\"28af4961\" data-element_type=\"widget\" data-widget_type=\"text-editor.default\">\n\t\t\t\t\t\t\t\t\t<p><strong>Pour nous retrouver facilement lorsque vous recherchez une formation sur la plateforme du CPF (<a href=\"https:\/\/www.moncompteformation.gouv.fr\/espace-prive\/html\/#\/connexion\" target=\"_blank\" rel=\"noopener\">acc\u00e9der au site web Mon compte de formation CPF<\/a>)<\/strong><\/p><p><span style=\"color: #000080;\"><strong>Pensez \u00e0 modifier l&#8217;option &#8220;Filtres et tri&#8221;, et remplacer &#8220;Pertinence&#8221; par &#8220;Distance&#8221;.<\/strong><\/span><\/p>\t\t\t\t\t\t\t\t<\/div>\n\t\t\t\t<div class=\"elementor-element elementor-element-3acf1407 elementor-widget elementor-widget-text-editor\" data-id=\"3acf1407\" data-element_type=\"widget\" data-widget_type=\"text-editor.default\">\n\t\t\t\t\t\t\t\t\t<table><tbody><tr><td width=\"151\"><p style=\"text-align: center;\"><span style=\"color: #000000;\">Rechercher votre formation de mani\u00e8re classique.<\/span><\/p><\/td><td style=\"text-align: center;\" width=\"151\"><p><span style=\"color: #000000;\">Appuyer sur &#8220;Tri Pertinence&#8221;.<\/span><\/p><\/td><td style=\"text-align: center;\" width=\"151\"><p><span style=\"color: #000000;\">Remplacer &#8220;Pertinence&#8221; par &#8220;Distance&#8221;.<\/span><\/p><\/td><td width=\"151\"><p style=\"text-align: center;\"><span style=\"color: #000000;\">Voil\u00e0, vous avez trouv\u00e9 notre formation sur Excel.<\/span><\/p><\/td><\/tr><tr><td width=\"151\"><img decoding=\"async\" src=\"https:\/\/www.lc-formateur.com\/images\/cpf\/capture01.jpg\" alt=\"Rechercher formation CPF\" \/><\/td><td width=\"151\"><img decoding=\"async\" src=\"https:\/\/www.lc-formateur.com\/images\/cpf\/capture02.jpg\" alt=\"Rechercher formation CPF\" \/><\/td><td width=\"151\"><img decoding=\"async\" src=\"https:\/\/www.lc-formateur.com\/images\/cpf\/capture03.jpg\" alt=\"Rechercher formation CPF\" \/><\/td><td width=\"151\"><img decoding=\"async\" src=\"https:\/\/www.lc-formateur.com\/images\/cpf\/capture04.jpg\" alt=\"Rechercher formation CPF\" \/><\/td><\/tr><\/tbody><\/table>\t\t\t\t\t\t\t\t<\/div>\n\t\t\t\t\t<\/div>\n\t\t\t\t<\/div>\n\t\t\t\t<\/div>\n\t\t","protected":false},"excerpt":{"rendered":"<p>NOS FORMATIONS CERTIFIANTE \u00c9LIGIBLE AU CPF Vous \u00eates salari\u00e9, demandeur d\u2019emploi (de plus de 16 ans), TNS et souhaitez assister \u00e0 une de nos formations. Le CPF (Compte personnel de formation) Le compte personnel de formation (CPF) est une modalit\u00e9 d\u2019acc\u00e8s \u00e0 la formation cr\u00e9\u00e9e par la loi relative \u00e0 la formation professionnelle, \u00e0 l\u2019emploi&#8230;<\/p>\n","protected":false},"author":1,"featured_media":0,"parent":0,"menu_order":0,"comment_status":"closed","ping_status":"closed","template":"elementor_header_footer","meta":{"_kad_post_transparent":"","_kad_post_title":"hide","_kad_post_layout":"fullwidth","_kad_post_sidebar_id":"","_kad_post_content_style":"unboxed","_kad_post_vertical_padding":"hide","_kad_post_feature":"hide","_kad_post_feature_position":"","_kad_post_header":false,"_kad_post_footer":false,"footnotes":""},"class_list":["post-694","page","type-page","status-publish","hentry"],"_links":{"self":[{"href":"https:\/\/www.new.iboo-formation.fr\/index.php\/wp-json\/wp\/v2\/pages\/694","targetHints":{"allow":["GET"]}}],"collection":[{"href":"https:\/\/www.new.iboo-formation.fr\/index.php\/wp-json\/wp\/v2\/pages"}],"about":[{"href":"https:\/\/www.new.iboo-formation.fr\/index.php\/wp-json\/wp\/v2\/types\/page"}],"author":[{"embeddable":true,"href":"https:\/\/www.new.iboo-formation.fr\/index.php\/wp-json\/wp\/v2\/users\/1"}],"replies":[{"embeddable":true,"href":"https:\/\/www.new.iboo-formation.fr\/index.php\/wp-json\/wp\/v2\/comments?post=694"}],"version-history":[{"count":4,"href":"https:\/\/www.new.iboo-formation.fr\/index.php\/wp-json\/wp\/v2\/pages\/694\/revisions"}],"predecessor-version":[{"id":698,"href":"https:\/\/www.new.iboo-formation.fr\/index.php\/wp-json\/wp\/v2\/pages\/694\/revisions\/698"}],"wp:attachment":[{"href":"https:\/\/www.new.iboo-formation.fr\/index.php\/wp-json\/wp\/v2\/media?parent=694"}],"curies":[{"name":"wp","href":"https:\/\/api.w.org\/{rel}","templated":true}]}}